actors of 2637.
3, 293
List the prime factors of 14253.
3, 4751
What are the prime factors of 1593?
3, 59
List the prime factors of 92205.
3, 5, 683
List the prime factors of 6836.
2, 1709
What are the prime factors of 729?
3
What are the prime factors of 515?
5, 103
List the prime factors of 9820.
2, 5, 491
List the prime factors of 18359.
11, 1669
List the prime factors of 446.
2, 223
What are the prime factors of 2297?
2297
What are the prime factors of 84386?
2, 42193
List the prime factors of 3827.
43, 89
What are the prime factors of 177425?
5, 47, 151
List the prime factors of 229.
229
What are the prime factors of 3576?
2, 3, 149
List the prime factors of 17405.
5, 59
What are the prime factors of 67670?
2, 5, 67, 101
List the prime factors of 9719.
9719
List the prime factors of 1092.
2, 3, 7, 13
List the prime factors of 183.
3, 61
List the prime factors of 50969.
50969
List the prime factors of 1647.
3, 61
List the prime factors of 18474.
2, 3, 3079
List the prime factors of 2161.
2161
List the prime factors of 38752.
2, 7, 173
List the prime factors of 192.
2, 3
List the prime factors of 25860.
2, 3, 5, 431
List the prime factors of 11008.
2, 43
List the prime factors of 4141.
41, 101
List the prime factors of 171.
3, 19
List the prime factors of 11300.
2, 5, 113
List the prime factors of 12472.
2, 1559
List the prime factors of 20521.
20521
What are the prime factors of 26108?
2, 61, 107
List the prime factors of 3443.
11, 313
List the prime factors of 41119.
13, 3163
List the prime factors of 18.
2, 3
What are the prime factors of 13180?
2, 5, 659
What are the prime factors of 353?
353
List the prime factors of 3130.
2, 5, 313
List the prime factors of 33.
3, 11
What are the prime factors of 487?
487
What are the prime factors of 402?
2, 3, 67
List the prime factors of 12107.
12107
What are the prime factors of 93113?
93113
What are the prime factors of 401?
401
List the prime factors of 2505.
3, 5, 167
List the prime factors of 38761.
83, 467
What are the prime factors of 5852?
2, 7, 11, 19
What are the prime factors of 1009?
1009
List the prime factors of 15553.
103, 151
What are the prime factors of 7571?
67, 113
List the prime factors of 315.
3, 5, 7
List the prime factors of 1324.
2, 331
List the prime factors of 9795.
3, 5, 653
List the prime factors of 595.
5, 7, 17
List the prime factors of 54192.
2, 3, 1129
List the prime factors of 1147.
31, 37
What are the prime factors of 692?
2, 173
What are the prime factors of 6840?
2, 3, 5, 19
What are the prime factors of 4143?
3, 1381
List the prime factors of 668.
2, 167
List the prime factors of 2242.
2, 19, 59
List the prime factors of 69161.
23, 31, 97
What are the prime factors of 424?
2, 53
List the prime factors of 66449.
66449
List the prime factors of 618.
2, 3, 103
List the prime factors of 929.
929
What are the prime factors of 19947?
3, 61, 109
List the prime factors of 55101.
3, 18367
What are the prime factors of 6966?
2, 3, 43
List the prime factors of 9990.
2, 3, 5, 37
List the prime factors of 854.
2, 7, 61
List the prime factors of 975.
3, 5, 13
What are the prime factors of 59646?
2, 3, 9941
List the prime factors of 13197.
3, 53, 83
What are the prime factors of 3603?
3, 1201
What are the prime factors of 9897?
3, 3299
List the prime factors of 1498.
2, 7, 107
List the prime factors of 5179.
5179
List the prime factors of 13544.
2, 1693
List the prime factors of 21900.
2, 3, 5, 73
What are the prime factors of 65410?
2, 5, 31, 211
List the prime factors of 67819.
67819
What are the prime factors of 703?
19, 37
List the prime factors of 8360.
2, 5, 11, 19
List the prime factors of 2105.
5, 421
List the prime factors of 25197.
3, 37, 227
List the prime factors of 52749.
3, 5861
List the prime factors of 109400.
2, 5, 547
What are the prime factors of 77918?
2, 38959
List the prime factors of 914.
2, 457
List the prime factors of 181.
181
What are the prime factors of 38?
2, 19
List the prime factors of 14048.
2, 439
What are the prime factors of 3735?
3, 5, 83
What are the prime factors of 25037?
25037
What are the prime factors of 2012?
2, 503
List the prime factors of 16288.
2, 509
List the prime factors of 1038.
2, 3, 173
List the prime factors of 36303.
3, 12101
What are the prime factors of 2590?
2, 5, 7, 37
What are the prime factors of 1121?
19, 59
What are the prime factors of 19047?
3, 7, 907
List the prime factors of 2586.
2, 3, 431
What are the prime factors of 2190?
2, 3, 5, 73
What are the prime factors of 3402?
2, 3, 7
What are the prime factors of 2021?
43, 47
What are the prime factors of 73514?
2, 7, 59, 89
List the prime factors of 4516.
2, 1129
What are the prime factors of 13246?
2, 37, 179
What are the prime factors of 1445?
5, 17
List the prime factors of 42333.
3, 103, 137
List the prime factors of 31940.
2, 5, 1597
What are the prime factors of 63250?
2, 5, 11, 23
List the prime factors of 669.
3, 223
List the prime factors of 62188.
2, 7, 2221
What are the prime factors of 42364?
2, 7, 17, 89
What are the prime factors of 7156?
2, 1789
List the prime factors of 17398.
2, 8699
What are the prime factors of 74825?
5, 41, 73
List the prime factors of 5542.
2, 17, 163
What are the prime factors of 853?
853
List the prime factors of 135414.
2, 3, 7523
What are the prime factors of 1990?
2, 5, 199
What are the prime factors of 1099?
7, 157
What are the prime factors of 3855?
3, 5, 257
What are the prime factors of 20564?
2, 53, 97
List the prime factors of 2229.
3, 743
List the prime factors of 6891.
3, 2297
What are the prime factors of 67818?
2, 3, 89, 127
What are the prime factors of 1423?
1423
List the prime factors of 2737.
7, 17, 23
What are the prime factors of 2006?
2, 17, 59
List the prime factors of 5121.
3, 569
What are the prime factors of 70980?
2, 3, 5, 7, 13
What are the prime factors of 74964?
2, 3, 6247
List the prime factors of 11332.
2, 2833
What are the prime factors of 36569?
13, 29, 97
List the prime factors of 1398.
2, 3, 233
List the prime factors of 101278.
2, 79, 641
List the prime factors of 8830.
2, 5, 883
What are the prime factors of 1165?
5, 233
What are the prime factors of 816?
2, 3, 17
What are the prime factors of 934?
2, 467
What are the prime factors of 13007?
13007
What are the prime factors of 594?
2, 3, 11
List the prime factors of 17871.
3, 7, 23, 37
What are the prime factors of 2939?
2939
What are the prime factors of 1603?
7, 229
What are the prime factors of 1005?
3, 5, 67
What are the prime factors of 32336?
2, 43, 47
List the prime factors of 166519.
89, 1871
What are the prime factors of 147?
3, 7
What are the prime factors of 1898?
2, 13, 73
List the prime factors of 5680.
2, 5, 71
List the prime factors of 6818.
2, 7, 487
What are the prime factors of 180353?
17, 103
What are the prime factors of 14441?
7, 2063
What are the prime factors of 2809?
53
What are the prime factors of 1092?
2, 3, 7, 13
List the prime factors of 3981.
3, 1327
What are the prime factors of 18712?
2, 2339
What are the prime factors of 10864?
2, 7, 97
List the prime factors of 4315.
5, 863
List the prime factors of 16039.
43, 373
List the prime factors of 6179.
37, 167
What are the prime factors of 62708?
2, 61, 257
What are the prime factors of 13741?
7, 13, 151
List the prime factors of 28889.
7, 4127
What are the prime factors of 2446?
2, 1223
List the prime factors of 901.
17, 53
What are the prime factors of 6537?
3, 2179
What are the prime factors of 1964?
2, 491
List the prime factors of 1024.
2
List the prime factors of 33030.
2, 3, 5, 367
List the prime factors of 39257.
37, 1061
List the prime factors of 1067.
11, 97
List the prime factors of 189088.
2, 19, 311
What are the prime factors of 643?
643
List the prime factors of 65035.
5, 13007
List the prime factors of 1689.
3, 563
List the prime factors of 38480.
2, 5, 13, 37
What are the prime factors of 11853?
3, 439
List the prime factors of 7857.
3, 97
List the prime factors of 877.
877
List the prime factors of 2823.
3, 941
List the prime factors of 55017.
3, 6113
What are the prime factors of 3926?
2, 13, 151
List the prime factors of 214.
2, 107
List the prime factors of 20754.
2, 3, 1153
What are the prime factors of 9000?
2, 3, 5
What are the prim